{"id":500,"date":"2016-07-07T16:56:21","date_gmt":"2016-07-07T14:56:21","guid":{"rendered":"http:\/\/aracc.ex-algebra.com\/?page_id=15"},"modified":"2022-08-01T16:52:25","modified_gmt":"2022-08-01T14:52:25","slug":"contact-2","status":"publish","type":"page","link":"https:\/\/aracc.fr\/index.php\/contact-2\/","title":{"rendered":"Contact Aracc"},"content":{"rendered":"<p><strong>Nous contacter &#8230;<\/strong><\/p>\n<p><strong>aracc.info@gmail.com<\/strong> et\u00a0<strong>06 23 69 17 86<\/strong><\/p>\n<p>L&rsquo;adresse o\u00f9 se d\u00e9roule toutes nos activit\u00e9s :<\/p>\n<p><strong>A<\/strong>ssociation de <strong>R<\/strong>echerche <strong>A<\/strong>rtistique <strong>C<\/strong>ulturelle et <strong>C<\/strong>hor\u00e9graphique :<\/p>\n<p>A.R.&rsquo; A.C.C<\/p>\n<p><strong>51 rue du commandant Ren\u00e9 Mouchotte\u00a0<\/strong><\/p>\n<p><strong>94 160 Saint-Mand\u00e9<\/strong><\/p>\n<p><span style=\"font-size: inherit;\">\u00a0<\/span><b style=\"font-size: inherit;\">\u00a0<\/b><\/p>\n","protected":false},"excerpt":{"rendered":"<p>Nous contacter &#8230; aracc.info@gmail.com et\u00a006 23 69 17 86 L&rsquo;adresse o\u00f9 se d\u00e9roule toutes nos activit\u00e9s : Association de Recherche Artistique Culturelle et Chor\u00e9graphique : A.R.&rsquo; A.C.C 51 rue du commandant Ren\u00e9 Mouchotte\u00a0 94 160 Saint-Mand\u00e9 \u00a0\u00a0<\/p>\n","protected":false},"author":1,"featured_media":77,"parent":0,"menu_order":0,"comment_status":"closed","ping_status":"closed","template":"","meta":{"footnotes":""},"class_list":["post-500","page","type-page","status-publish","has-post-thumbnail","hentry"],"_links":{"self":[{"href":"https:\/\/aracc.fr\/index.php\/wp-json\/wp\/v2\/pages\/500","targetHints":{"allow":["GET"]}}],"collection":[{"href":"https:\/\/aracc.fr\/index.php\/wp-json\/wp\/v2\/pages"}],"about":[{"href":"https:\/\/aracc.fr\/index.php\/wp-json\/wp\/v2\/types\/page"}],"author":[{"embeddable":true,"href":"https:\/\/aracc.fr\/index.php\/wp-json\/wp\/v2\/users\/1"}],"replies":[{"embeddable":true,"href":"https:\/\/aracc.fr\/index.php\/wp-json\/wp\/v2\/comments?post=500"}],"version-history":[{"count":3,"href":"https:\/\/aracc.fr\/index.php\/wp-json\/wp\/v2\/pages\/500\/revisions"}],"predecessor-version":[{"id":773,"href":"https:\/\/aracc.fr\/index.php\/wp-json\/wp\/v2\/pages\/500\/revisions\/773"}],"wp:featuredmedia":[{"embeddable":true,"href":"https:\/\/aracc.fr\/index.php\/wp-json\/"}],"wp:attachment":[{"href":"https:\/\/aracc.fr\/index.php\/wp-json\/wp\/v2\/media?parent=500"}],"curies":[{"name":"wp","href":"https:\/\/api.w.org\/{rel}","templated":true}]}}